{"id":72,"date":"2021-06-03T09:19:34","date_gmt":"2021-06-03T07:19:34","guid":{"rendered":"https:\/\/donsserver.ddns.net\/ent\/?page_id=72"},"modified":"2024-03-26T23:21:54","modified_gmt":"2024-03-26T22:21:54","slug":"impressum","status":"publish","type":"page","link":"https:\/\/1158guitars.com\/index.php\/impressum\/","title":{"rendered":"Impressum"},"content":{"rendered":"\n<p>Angaben gem\u00e4\u00df \u00a7 5 TMG<\/p>\n\n\n\n<p>1158 Guitars<br>Gitarrenschule Stephan Neumeier<br>Bergisch Gladbacher Strasse 1158<br>51069 K\u00f6ln<br><\/p>\n\n\n\n<p><strong>Vertreten durch:<\/strong><br>Stephan Neumeier<br><\/p>\n\n\n\n<p><strong>Kontakt:<\/strong><br>Telefon: 0152 \u2013 285 474 16<br>E-Mail: info[at]1158guitars.com<\/p>\n\n\n\n<p><strong>Umsatzsteuer-ID:<\/strong><br>Umsatzsteuer-Identifikationsnummer gem\u00e4\u00df \u00a727a Umsatzsteuergesetz: 218\/5174\/1919<br><\/p>\n\n\n\n<p><strong>Haftungsausschluss:<\/strong><br><br><strong>Haftung f\u00fcr Links<\/strong><br><br>Unser Angebot enth\u00e4lt Links zu externen Webseiten Dritter, auf deren Inhalte wir keinen Einfluss haben. Deshalb k\u00f6nnen wir f\u00fcr diese fremden Inhalte auch keine Gew\u00e4hr \u00fcbernehmen. F\u00fcr die Inhalte der verlinkten Seiten ist stets der jeweilige Anbieter oder Betreiber der Seiten verantwortlich. Die verlinkten Seiten wurden zum Zeitpunkt der Verlinkung auf m\u00f6gliche Rechtsverst\u00f6\u00dfe \u00fcberpr\u00fcft. Rechtswidrige Inhalte waren zum Zeitpunkt der Verlinkung nicht erkennbar. Eine permanente inhaltliche Kontrolle der verlinkten Seiten ist jedoch ohne konkrete Anhaltspunkte einer Rechtsverletzung nicht zumutbar. Bei Bekanntwerden von Rechtsverletzungen werden wir derartige Links umgehend entfernen.<br>Impressum vom <a href=\"https:\/\/www.impressum-generator.de\">Impressum Generator<\/a> der <a href=\"https:\/\/www.kanzlei-hasselbach.de\/standorte\/frankfurt\/\">Kanzlei Hasselbach, Frankfurt<\/a><\/p>\n\n\n\n<p><\/p>\n\n\n\n<p>Logos unter Vita und der Galerie von Pixabay.com<\/p>\n","protected":false},"excerpt":{"rendered":"<p>Angaben gem\u00e4\u00df \u00a7 5 TMG 1158 GuitarsGitarrenschule Stephan NeumeierBergisch Gladbacher Strasse 115851069 K\u00f6ln Vertreten durch:Stephan Neumeier Kontakt:Telefon: 0152 \u2013 285 474 16E-Mail: info[at]1158guitars.com Umsatzsteuer-ID:Umsatzsteuer-Identifikationsnummer gem\u00e4\u00df \u00a727a Umsatzsteuergesetz: 218\/5174\/1919 Haftungsausschluss: Haftung f\u00fcr Links Unser Angebot enth\u00e4lt Links zu externen Webseiten Dritter, auf deren Inhalte wir keinen Einfluss haben. Deshalb k\u00f6nnen wir f\u00fcr diese fremden Inhalte auch keine Gew\u00e4hr \u00fcbernehmen. F\u00fcr die Inhalte der verlinkten Seiten ist stets der jeweilige Anbieter oder Betreiber der Seiten verantwortlich. Die verlinkten Seiten wurden zum Zeitpunkt der Verlinkung auf m\u00f6gliche Rechtsverst\u00f6\u00dfe \u00fcberpr\u00fcft. Rechtswidrige Inhalte waren zum Zeitpunkt der Verlinkung nicht erkennbar. Eine permanente inhaltliche Kontrolle der verlinkten Seiten ist jedoch ohne konkrete Anhaltspunkte einer Rechtsverletzung nicht zumutbar. Bei Bekanntwerden von Rechtsverletzungen werden wir derartige Links umgehend entfernen.Impressum vom Impressum Generator der Kanzlei Hasselbach, Frankfurt Logos unter Vita und der Galerie von Pixabay.com<\/p>\n","protected":false},"author":1,"featured_media":0,"parent":0,"menu_order":0,"comment_status":"closed","ping_status":"closed","template":"","meta":{"footnotes":""},"class_list":["post-72","page","type-page","status-publish","hentry"],"yoast_head":"<!-- This site is optimized with the Yoast SEO plugin v27.2 - https:\/\/yoast.com\/product\/yoast-seo-wordpress\/ -->\n<title>Impressum - 1158 Guitars<\/title>\n<meta name=\"robots\" content=\"index, follow, max-snippet:-1, max-image-preview:large, max-video-preview:-1\" \/>\n<link rel=\"canonical\" href=\"https:\/\/1158guitars.com\/index.php\/impressum\/\" \/>\n<meta name=\"twitter:label1\" content=\"Gesch\u00e4tzte Lesezeit\" \/>\n\t<meta name=\"twitter:data1\" content=\"1\u00a0Minute\" \/>\n<script type=\"application\/ld+json\" class=\"yoast-schema-graph\">{\"@context\":\"https:\/\/schema.org\",\"@graph\":[{\"@type\":\"WebPage\",\"@id\":\"https:\/\/1158guitars.com\/index.php\/impressum\/\",\"url\":\"https:\/\/1158guitars.com\/index.php\/impressum\/\",\"name\":\"Impressum - 1158 Guitars\",\"isPartOf\":{\"@id\":\"https:\/\/1158guitars.com\/#website\"},\"datePublished\":\"2021-06-03T07:19:34+00:00\",\"dateModified\":\"2024-03-26T22:21:54+00:00\",\"breadcrumb\":{\"@id\":\"https:\/\/1158guitars.com\/index.php\/impressum\/#breadcrumb\"},\"inLanguage\":\"de\",\"potentialAction\":[{\"@type\":\"ReadAction\",\"target\":[\"https:\/\/1158guitars.com\/index.php\/impressum\/\"]}]},{\"@type\":\"BreadcrumbList\",\"@id\":\"https:\/\/1158guitars.com\/index.php\/impressum\/#breadcrumb\",\"itemListElement\":[{\"@type\":\"ListItem\",\"position\":1,\"name\":\"Startseite\",\"item\":\"https:\/\/1158guitars.com\/\"},{\"@type\":\"ListItem\",\"position\":2,\"name\":\"Impressum\"}]},{\"@type\":\"WebSite\",\"@id\":\"https:\/\/1158guitars.com\/#website\",\"url\":\"https:\/\/1158guitars.com\/\",\"name\":\"1158 Guitars\",\"description\":\"bei Stephan Neumeier\",\"publisher\":{\"@id\":\"https:\/\/1158guitars.com\/#organization\"},\"potentialAction\":[{\"@type\":\"SearchAction\",\"target\":{\"@type\":\"EntryPoint\",\"urlTemplate\":\"https:\/\/1158guitars.com\/?s={search_term_string}\"},\"query-input\":{\"@type\":\"PropertyValueSpecification\",\"valueRequired\":true,\"valueName\":\"search_term_string\"}}],\"inLanguage\":\"de\"},{\"@type\":\"Organization\",\"@id\":\"https:\/\/1158guitars.com\/#organization\",\"name\":\"1158 Guitars Gitarrenschule\",\"url\":\"https:\/\/1158guitars.com\/\",\"logo\":{\"@type\":\"ImageObject\",\"inLanguage\":\"de\",\"@id\":\"https:\/\/1158guitars.com\/#\/schema\/logo\/image\/\",\"url\":\"https:\/\/1158guitars.com\/wp-content\/uploads\/2024\/08\/1158_Logo_2024_WEB_RGB_Typo_black_homepage.png\",\"contentUrl\":\"https:\/\/1158guitars.com\/wp-content\/uploads\/2024\/08\/1158_Logo_2024_WEB_RGB_Typo_black_homepage.png\",\"width\":3234,\"height\":3038,\"caption\":\"1158 Guitars Gitarrenschule\"},\"image\":{\"@id\":\"https:\/\/1158guitars.com\/#\/schema\/logo\/image\/\"}}]}<\/script>\n<!-- \/ Yoast SEO plugin. -->","yoast_head_json":{"title":"Impressum - 1158 Guitars","robots":{"index":"index","follow":"follow","max-snippet":"max-snippet:-1","max-image-preview":"max-image-preview:large","max-video-preview":"max-video-preview:-1"},"canonical":"https:\/\/1158guitars.com\/index.php\/impressum\/","twitter_misc":{"Gesch\u00e4tzte Lesezeit":"1\u00a0Minute"},"schema":{"@context":"https:\/\/schema.org","@graph":[{"@type":"WebPage","@id":"https:\/\/1158guitars.com\/index.php\/impressum\/","url":"https:\/\/1158guitars.com\/index.php\/impressum\/","name":"Impressum - 1158 Guitars","isPartOf":{"@id":"https:\/\/1158guitars.com\/#website"},"datePublished":"2021-06-03T07:19:34+00:00","dateModified":"2024-03-26T22:21:54+00:00","breadcrumb":{"@id":"https:\/\/1158guitars.com\/index.php\/impressum\/#breadcrumb"},"inLanguage":"de","potentialAction":[{"@type":"ReadAction","target":["https:\/\/1158guitars.com\/index.php\/impressum\/"]}]},{"@type":"BreadcrumbList","@id":"https:\/\/1158guitars.com\/index.php\/impressum\/#breadcrumb","itemListElement":[{"@type":"ListItem","position":1,"name":"Startseite","item":"https:\/\/1158guitars.com\/"},{"@type":"ListItem","position":2,"name":"Impressum"}]},{"@type":"WebSite","@id":"https:\/\/1158guitars.com\/#website","url":"https:\/\/1158guitars.com\/","name":"1158 Guitars","description":"bei Stephan Neumeier","publisher":{"@id":"https:\/\/1158guitars.com\/#organization"},"potentialAction":[{"@type":"SearchAction","target":{"@type":"EntryPoint","urlTemplate":"https:\/\/1158guitars.com\/?s={search_term_string}"},"query-input":{"@type":"PropertyValueSpecification","valueRequired":true,"valueName":"search_term_string"}}],"inLanguage":"de"},{"@type":"Organization","@id":"https:\/\/1158guitars.com\/#organization","name":"1158 Guitars Gitarrenschule","url":"https:\/\/1158guitars.com\/","logo":{"@type":"ImageObject","inLanguage":"de","@id":"https:\/\/1158guitars.com\/#\/schema\/logo\/image\/","url":"https:\/\/1158guitars.com\/wp-content\/uploads\/2024\/08\/1158_Logo_2024_WEB_RGB_Typo_black_homepage.png","contentUrl":"https:\/\/1158guitars.com\/wp-content\/uploads\/2024\/08\/1158_Logo_2024_WEB_RGB_Typo_black_homepage.png","width":3234,"height":3038,"caption":"1158 Guitars Gitarrenschule"},"image":{"@id":"https:\/\/1158guitars.com\/#\/schema\/logo\/image\/"}}]}},"_links":{"self":[{"href":"https:\/\/1158guitars.com\/index.php\/wp-json\/wp\/v2\/pages\/72","targetHints":{"allow":["GET"]}}],"collection":[{"href":"https:\/\/1158guitars.com\/index.php\/wp-json\/wp\/v2\/pages"}],"about":[{"href":"https:\/\/1158guitars.com\/index.php\/wp-json\/wp\/v2\/types\/page"}],"author":[{"embeddable":true,"href":"https:\/\/1158guitars.com\/index.php\/wp-json\/wp\/v2\/users\/1"}],"replies":[{"embeddable":true,"href":"https:\/\/1158guitars.com\/index.php\/wp-json\/wp\/v2\/comments?post=72"}],"version-history":[{"count":4,"href":"https:\/\/1158guitars.com\/index.php\/wp-json\/wp\/v2\/pages\/72\/revisions"}],"predecessor-version":[{"id":770,"href":"https:\/\/1158guitars.com\/index.php\/wp-json\/wp\/v2\/pages\/72\/revisions\/770"}],"wp:attachment":[{"href":"https:\/\/1158guitars.com\/index.php\/wp-json\/wp\/v2\/media?parent=72"}],"curies":[{"name":"wp","href":"https:\/\/api.w.org\/{rel}","templated":true}]}}